?
6
Suppose 0*q = q. Let f be 14 + 1 + q + -3. Let k = -7 + f. What is the units digit of k?
5
Let j be (-15)/(-4) - (-4)/16. Suppose -3*d - 22 = -j. Let p(y) = -y**3 - 7*y**2 - 7*y - 4. What is the units digit of p(d)?
2
Suppose 5*p = p + 44. Let h = p + -8. Suppose h*q = 8*q - 55. What is the units digit of q?
1
Let y be (-12)/8 + (-13)/(-2). Suppose 20 = y*v - 3*v. What is the tens digit of 118/v - 1/(-5)?
1
Let n be 6/8*16/12. Let q(l) = -13*l - 3. Let t(p) = 1. Let u(i) = -q(i) - 2*t(i). What is the units digit of u(n)?
4
Let l be (-24 - 3) + (2 - 0). Let x = 42 + l. What is the units digit of x?
7
Let v = 172 - 95. What is the tens digit of v?
7
Suppose -2*y + 139 = -0*y - 3*d, 2*d - 6 = 0. What is the tens digit of y?
7
Let r = 24 + -69. What is the units digit of 8/3*r/(-12)?
0
Suppose 30 = 3*w + 2*w. Suppose -2*y + w = -2. Suppose u + 2*n - 22 = 6*n, 2*n + 18 = y*u. What is the units digit of u?
2
Let z = -54 - -112. What is the tens digit of z?
5
Let s(l) = l**2 - 8*l - 7. Let f be (-10)/35 + 220/(-14). Let z = f - -25. What is the units digit of s(z)?
2
Let o(z) = 20*z - 1. Let b(g) = -21*g + 1. Suppose -4*s - 4*k = -12, -2*s + 2*k + 1 = -1. Let c(w) = s*b(w) + 3*o(w). What is the units digit of c(1)?
7
Let k = -5 - -6. Let u(x) = 2*x - x + 2*x - k. What is the units digit of u(2)?
5
Suppose 0 = -2*m, 2*w - 262 = -4*m + 6*m. What is the units digit of w?
1
Let p be -2*(-3 + (-483)/6). Let c = p - 117. What is the units digit of c?
0
Let y(o) = -o**3 + o**2 + 7. What is the units digit of y(0)?
7
Suppose 6 = -0*u + 3*u. Let h(m) = -2*m - 6. Let i be h(-6). Suppose -u*j + i = -2. What is the units digit of j?
4
Let q = -6 + 4. What is the units digit of (102/(3/(-1)))/q?
7
What is the units digit of (23 - 82)*(-1)/1?
9
Let d(b) = -b**2 + 31. Let v = -3 - -3. What is the units digit of d(v)?
1
Let z = 38 - -15. What is the tens digit of z?
5
Let t(i) = i**3 + 11*i**2 + 10*i + 3. Let d be t(-10). Suppose 2*n = -4*c, -n - 3*n + d*c = -44. What is the units digit of n?
8
Suppose 5*w - 21 = a, -4*w = -w + 2*a - 10. Suppose 0 = 3*q - w*k + 5, 4*k - 7 = q. What is the units digit of q?
1
Let f(g) = -g**2 + 2*g + 6. What is the units digit of f(3)?
3
Suppose 139 = 3*g + 31. What is the tens digit of g?
3
Suppose 4*g - 6*d - 3 = -d, 4*d - 10 = -3*g. Suppose 3*t - 2*c = -45, -4*c + 7 - g = -t. Let o = t - -27. What is the tens digit of o?
1
Let m(w) = w - 9. Let x be m(10). What is the units digit of (-1)/((4/(-96))/x)?
4
Let g(l) = 2*l**3 + 5*l**2 + 2*l - 3. Let p be g(-3). Let u be (-4)/p + (-70)/(-9). Suppose 3*c - u = -c. What is the units digit of c?
2
Let a(v) = -13*v - 1. Let f be a(-2). Suppose 0 = k + 5*r - f, 2*r + 7 = 3*k - 0*k. What is the units digit of k?
5
Suppose 216 + 17 = 5*a - 2*b, -b = -2*a + 94. What is the units digit of a?
5
Suppose 2*g + 19 = 95. What is the tens digit of g?
3
Suppose -4*a - 5 = 19. Let g = 9 + a. What is the units digit of g?
3
Suppose -t + 5*s = -2, -5*t - 3*s + 0 + 10 = 0. Let m = t - 1. Let l(j) = 7*j**2 - j. What is the units digit of l(m)?
6
Suppose 0 = -19*n + 27*n - 456. What is the tens digit of n?
5
Suppose 201 = 3*n - v, 5*n + 0*v = 3*v + 331. What is the tens digit of n?
6
Let q(z) be the third derivative of z**6/180 - z**5/60 + z**4/12 - z**3/6 - 2*z**2. Let a(m) be the first derivative of q(m). What is the units digit of a(2)?
6
Let k be (-14)/(-35) + 198/5. Suppose z + z = k. What is the units digit of z?
0
Let p(h) be the first derivative of h**5/40 + h**3/3 - 2. Let v(k) be the third derivative of p(k). What is the units digit of v(1)?
3
Let x = -2 - 6. Let w(n) = n**2 + 6*n + 4. What is the tens digit of w(x)?
2
Suppose 31 = 4*v + 3. Suppose -4*u = -v*u + 6. Suppose 0 = -u*y + 4*g - 8, -y + 1 = 4*y - 3*g. What is the units digit of y?
2
Let f = 51 - 36. What is the units digit of f?
5
Suppose 5*u - 23 = 12. Suppose 2*q = u*q + 150. What is the tens digit of (0 + 1)/((-3)/q)?
1
Let g(m) = 2*m + 7. Let u(b) be the second derivative of -b**2 - 2*b. Let r(j) = 2*g(j) + 6*u(j). What is the units digit of r(2)?
0
Suppose 4*s = 12, 2 = 2*y + 4*s - 2. What is the tens digit of 18/y*32/(-12)?
1
Let y(u) = -6*u + 1. Let k(q) = -11*q + 1. Let c(b) = 3*k(b) - 5*y(b). Suppose -h + 6*h = 25, -2*r + 2*h = 22. What is the units digit of c(r)?
6
What is the tens digit of (-21)/(-7)*(-40)/(-6)?
2
Let l(v) = 2*v. Let n be 0*1/3 + 3. What is the units digit of l(n)?
6
Let z be 20/4*(-1 - -3). Let t(l) = -l + 9. Let f be t(z). What is the tens digit of -1 + f/(1/(-11))?
1
Suppose 0 = 5*k - 18*k + 4602. What is the tens digit of k?
5
Suppose -14*o + 870 = -4*o. What is the tens digit of o?
8
What is the hundreds digit of 848/5 + 22/55?
1
Let z = 51 - 19. What is the units digit of z?
2
What is the tens digit of 23/2*(18 - 10)?
9
Suppose 5*d - 17 = 4*g + 2, 0 = -4*d + 5*g + 17. Suppose -2*p = -1 - d. Suppose -2*o + 18 = -p. What is the units digit of o?
0
Let d(k) be the second derivative of -k**3/6 + 3*k**2/2 - k. Let a be d(4). What is the units digit of 12/(2/a)*-1?
6
What is the tens digit of (50/4)/(5/10)?
2
Suppose 0 = -2*c - 2*l - 24, -5*c - l + 2*l = 30. What is the units digit of (-219)/c - 6/21?
1
Let j be 112/(-12) + (-2)/3. Let q be 36/(-10) + 4/j. What is the tens digit of q*(-2)/(8/10)?
1
Suppose -5*s + 22 = 3*n, s - 14 = -n - 2*n. Let a = n - 6. Let z = a + 4. What is the units digit of z?
2
Let u(m) = -7*m**2 - 15*m + 11. Let t(i) = 2*i**2 + 4*i - 3. Let l(f) = 22*t(f) + 6*u(f). What is the units digit of l(4)?
4
Let u = 271 + -57. What is the hundreds digit of u?
2
Let q(t) = 2*t**2 + t + 1. Let m be q(-1). Suppose m*c - 11 = c. What is the tens digit of c?
1
Let z(r) = r**2 - 3*r + 2. Let x be z(5). Let m = x + 6. What is the units digit of m?
8
Suppose 0 = 4*b - 2*v - 2226, -4*b - 5*v + 1171 + 1034 = 0. Suppose 4*r = -r - b. What is the units digit of (-4)/14 + r/(-21)?
5
What is the units digit of ((-66)/(-10))/((-2)/(-10))?
3
Let j(n) = -n**3 + 4*n**2 + 4*n + 2. Let c(i) = -i**3 + 9*i**2 - 8*i + 4. Let f be c(8). What is the tens digit of j(f)?
1
Let t(y) = -y**3 - 6*y**2 + 8*y + 6. Let w be t(-7). What is the units digit of (w + 0/2)/(-1)?
1
Suppose 15 = 3*y + 2*y. What is the units digit of y?
3
Let w(z) be the third derivative of 0 + 1/60*z**5 - z**2 - 5/6*z**3 - 5/24*z**4 + 0*z. What is the units digit of w(7)?
9
Let i be -1 + -41 + -10 + 7. Let l = i - -65. What is the units digit of l?
0
Let h = 41 + 17. What is the tens digit of h?
5
Suppose 5*d - 6 = 2*d. What is the tens digit of (d - 10/4)*-34?
1
Let n = -24 + 12. What is the units digit of n/8*(-124)/6?
1
Suppose 2*i = -0*i. Suppose i*c + 16 = 4*c. What is the units digit of c?
4
Let d = 20 + 0. Suppose 5*l + 5*u - d = -0*u, -46 = -4*l + 2*u. Let g = 16 - l. What is the units digit of g?
7
Let f = -125 + 184. What is the units digit of f?
9
Suppose -2*q = 5*h - 32, q - 2*h + 2 = -0. What is the units digit of q?
6
Let a be ((-46)/(-2) - -1) + -1. Let o = a - 15. What is the units digit of o?
8
Let b(m) = m - 2. Let v be b(3). Suppose -10 = -3*s - v. What is the units digit of s?
3
Let x(o) = -9*o - 6. Let l be (16/10)/(8/(-20)). What is the units digit of x(l)?
0
Suppose -5 = -2*m + 81. What is the units digit of m?
3
Suppose -3*r + 966 = 3*o, o - 2*o - 1303 = -4*r. What is the hundreds digit of r?
3
Suppose 25 = -4*o + l + 4*l, 0 = 3*o - 4*l + 20. Suppose o = w - 4*b - 10, b - 3*b = -10. What is the units digit of w?
0
What is the units digit of -1 - (2 - (-1)/(3/(-72)))?
1
What is the hundreds digit of 191 - 1/(5/10)?
1
Let i(s) = s + 12. Let g be i(-8). Suppose l = g*l - 18. What is the units digit of l?
6
Let y(w) = -w + 3. Let v be y(-8). What is the tens digit of v - (-2 + -3 - -3)?
1
Suppose 4*q = 8*q + 20. Let l(m) = 2*m**2 + 2*m - 7. What is the tens digit of l(q)?
3
Let q be ((-4)/(-3))/((-2)/(-3)). Suppose 4*r = -2*u + 43 + 3, 3*u - 49 = -q*r. Let j = u - 2. What is the tens digit of j?
1
Let a(g) = g**3 + g**2 - g + 2. Let r be a(-2). Suppose 0 = -s - r*s + 5. What is the units digit of s?
5
Let h = -17 + 25. Suppose d = 2*d - h. What is the units digit of d?
8
Let j = 101 + 139. What is the units digit of j?
0
Let b = -26 + 135. What is the hundreds digit of b?
1
Suppose -3*z - 30 = -0*z. Let h(n) = -2*n - 8. 